ime number?
False
Is 3573457 prime?
False
Is 16676799 composite?
True
Is 9719753 composite?
True
Is 16346159 composite?
False
Is 33379 a prime number?
False
Is 4437113 a prime number?
True
Is 5619563 prime?
False
Is 58301 a prime number?
False
Is 21756557 composite?
False
Is 34235239 composite?
False
Is 147479513 prime?
True
Is 133760087 a composite number?
True
Is 979361 composite?
False
Is 26370523 prime?
True
Is 136511747 composite?
False
Is 6158371 a prime number?
False
Is 135544421 prime?
False
Is 115828631 prime?
False
Is 6945251 composite?
False
Is 9589123 prime?
True
Is 5087567 prime?
False
Is 4478457 a prime number?
False
Is 2235841 a composite number?
False
Is 7483013 prime?
True
Is 7286459 composite?
True
Is 274103129 a prime number?
False
Is 5769923 composite?
True
Is 3616183 a composite number?
False
Is 4411753 a prime number?
False
Is 1454587 composite?
False
Is 236450293 prime?
False
Is 170966543 prime?
False
Is 357562133 a prime number?
True
Is 8565927 a composite number?
True
Is 9486446 a prime number?
False
Is 44524667 a prime number?
False
Is 84473803 a composite number?
False
Is 1566517 prime?
True
Is 16628951 a prime number?
True
Is 22291109 prime?
False
Is 17108331 composite?
True
Is 625763 a prime number?
True
Is 554321563 composite?
False
Is 66165919 a prime number?
True
Is 15599271 prime?
False
Is 20500019 a prime number?
True
Is 503123 prime?
True
Is 1299341 prime?
True
Is 153939061 composite?
True
Is 4869617 a prime number?
True
Is 382821577 composite?
False
Is 1494271 prime?
False
Is 120151 a composite number?
True
Is 160324837 prime?
False
Is 18536461 a prime number?
True
Is 5621687 a prime number?
True
Is 163153157 a prime number?
False
Is 609895555 composite?
True
Is 8866331 prime?
False
Is 18230657 a prime number?
True
Is 20260993 a prime number?
True
Is 387389 prime?
False
Is 129489599 composite?
False
Is 3078809 a composite number?
True
Is 30601 a prime number?
False
Is 629818639 prime?
False
Is 5538737 a composite number?
True
Is 2096047 prime?
True
Is 6779491 prime?
True
Is 104844107 a composite number?
False
Is 79099771 prime?
True
Is 181108699 a composite number?
True
Is 2701771 a prime number?
False
Is 9306503 composite?
False
Is 48373555 a prime number?
False
Is 220207837 prime?
True
Is 4304821 prime?
True
Is 6132403 composite?
False
Is 345651257 prime?
False
Is 1313747 a composite number?
False
Is 52099585 a prime number?
False
Is 9733501 a composite number?
False
Is 544071521 composite?
True
Is 3863599 prime?
False
Is 285220321 composite?
True
Is 1415327 prime?
False
Is 16864885 prime?
False
Is 504206269 composite?
True
Is 10877023 prime?
True
Is 10112485 prime?
False
Is 151958701 a composite number?
False
Is 10639595 prime?
False
Is 6151114 composite?
True
Is 15699743 composite?
True
Is 80172721 prime?
True
Is 21710057 a prime number?
True
Is 4092545 composite?
True
Is 3095429 prime?
True
Is 59229511 composite?
True
Is 275402159 a composite number?
True
Is 20112847 a composite number?
True
Is 12895937 composite?
True
Is 4815827 a prime number?
False
Is 373003 composite?
False
Is 5620971 a composite number?
True
Is 3677207 a composite number?
False
Is 326298739 a composite number?
True
Is 2257789 prime?
False
Is 167099447 composite?
True
Is 6547171 a prime number?
False
Is 1723801 a prime number?
True
Is 8428139 prime?
True
Is 7927739 a prime number?
True
Is 12281539 prime?
True
Is 259151 prime?
True
Is 8043523 a prime number?
False
Is 104488229 a prime number?
True
Is 12575107 a prime number?
False
Is 6948191 prime?
True
Is 4352441 prime?
True
Is 95117317 a prime number?
True
Is 107130679 composite?
True
Is 20395129 composite?
False
Is 2230457 composite?
False
Is 31184551 a prime number?
True
Is 60521833 composite?
True
Is 30273301 a prime number?
False
Is 117659891 prime?
False
Is 1886061 a prime number?
False
Is 21198577 composite?
True
Is 2366053 a prime number?
True
Is 45008237 prime?
False
Is 134674433 composite?
True
Is 1260757 composite?
False
Is 20818451 a prime number?
False
Is 85624229 a prime number?
False
Is 139367743 prime?
True
Is 117828589 a composite number?
True
Is 174203671 a composite number?
False
Is 91551979 composite?
False
Is 2425831 a prime number?
False
Is 4271109 composite?
True
Is 9623095 prime?
False
Is 25262621 a prime number?
True
Is 347651 a composite number?
False
Is 4926713 prime?
False
Is 32967479 prime?
True
Is 49821193 prime?
False
Is 3540787 a prime number?
True
Is 66514673 prime?
True
Is 307765781 a prime number?
False
Is 364325155 composite?
True
Is 150851453 composite?
False
Is 1852049 composite?
False
Is 58653143 a composite number?
False
Is 89817601 a prime number?
True
Is 90377227 composite?
True
Is 12300307 composite?
False
Is 160257149 composite?
True
Is 9837397 prime?
True
Is 17057729 composite?
True
Is 1100463631 a composite number?
False
Is 82408003 composite?
False
Is 2290595 prime?
False
Is 1972967 composite?
False
Is 332967197 prime?
True
Is 311633183 composite?
False
Is 120023089 composite?
False
Is 15315571 composite?
False
Is 707459 composite?
False
Is 363742391 prime?
True
Is 15902853 prime?
False
Is 1045771 composite?
True
Is 4399847 composite?
False
Is 4312121 a composite number?
True
Is 4781947 a prime number?
False
Is 30378785 prime?
False
Is 2757415 a prime number?
False
Is 4530035 a prime number?
False
Is 4228667 prime?
False
Is 66929251 a composite number?
False
Is 33431 composite?
True
Is 5733305 composite?
True
Is 68398909 a prime number?
True
Is 24417469 prime?
True
Is 7557461 composite?
True
Is 121600447 a prime number?
True
Is 178303373 a prime number?
True
Is 11271623 a prime number?
False
Is 176997397 composite?
True
Is 346126947 composite?
True
Is 1035917 a composite number?
False
Is 9793403 a composite number?
True
Is 288049 prime?
True
Is 10778497 prime?
True
Is 92615143 a composite number?
False
Is 55889123 a prime number?
True
Is 2231269 a composite number?
False
Is 4043971 prime?
False
Is 13575457 a prime number?
False
Is 207073 a prime number?
True
Is 3883379 prime?
True
Is 2550467 prime?
True
Is 93169 composite?
False
Is 1079329 a prime number?
True
Is 1244083 composite?
False
Is 66200831 a composite number?
True
Is 18397517 prime?
True
Is 35015317 a composite number?
False
Is 622709 composite?
False
Is 7274083 a composite number?
True
Is 4811239 a composite number?
False
Is 31085599 composite?
False
Is 88595471 a prime number?
False
Is 4203869 prime?
False
Is 989171 prime?
True
Is 348621661 a prime number?
True
Is 1364669 a composite number?
True
Is 26017471 a composite number?
True
Is 77180254 a composite number?
True
Is 893791 a composite number?
True
Is 2905061 a prime number?
False
Is 9413617 a prime number?
False
Is 39374869 composite?
False
Is 292841 composite?
False
Is 4562087 a composite number?
False
Is 5114687 prime?
True
Is 1540631 a composite number?
False
Is 31131151 composite?
True
Is 3069743 a prime number?
True
Is 573997 composite?
True
Is 48701551 a composite number?
True
Is 358947349 a prime number?
True
Is 1203299 a prime number?
False
Is 35501461 composite?
True
Is 31270597 prime?
True
Is 22548677 composite?
True
Is 39304571 a composite number?
False
Is 19573615 a composite number?
True
Is 59648909 a prime number?
True
Is 6370883 a prime number?
False
Is 950904313 a composite number?
False
Is 6244229 a composite number?
False
Is 3685949 prime?
True
Is 3749963 a composite number?
True
Is 16385905 composite?
True
Is 106694581 prime?
False
Is 10092293 composite?
False
Is 2242651 a prime number?
True
Is 8482573 prime?
False
Is 79281209 prime?
False
Is 44491543 prime?
True
Is 3501379 composite?
True
Is 59027993 prime?
False
Is 25468921 composite?
False
Is 157613851 a composite number?
True
Is 12949303 composite?
False
Is 82595611 composite?
True
Is 7474627 a prime number?
False
Is 69328423 prime?
True
Is 3501901 prime?
False
Is 66172859 composite?
True
Is 1261991 prime?
False
Is 5291563 composite?
False
Is 10091203 a composite number?
False
Is 1315 a prime number?
False
Is 2538871 a prime number?
True
Is 128549 composite?
False
Is 23050289 composite?
False
Is 64580203 prime?
False
Is 23250098 composite?
True
Is 264720421 composite?
True
Is 12214337 prime?
False
Is 6055279 composite?
True
Is 828632789 a pr